{"id":460,"date":"2017-10-02T20:51:57","date_gmt":"2017-10-02T20:51:57","guid":{"rendered":"http:\/\/asistenciayautomatizacion.com\/web\/?post_type=product&#038;p=460"},"modified":"2026-02-05T19:48:33","modified_gmt":"2026-02-05T19:48:33","slug":"controladores-de-potencia-por-tiristores-dct880","status":"publish","type":"product","link":"https:\/\/asistenciayautomatizacion.com\/web\/producto\/controladores-de-potencia-por-tiristores-dct880\/","title":{"rendered":"Controladores de potencia por tiristores DCT880"},"content":{"rendered":"<h4>Precisi\u00f3n en el control de la calefacci\u00f3n<\/h4>\n<p>Algunas aplicaciones, como el templado, secado, fundici\u00f3n o calentamiento de vidrio, pl\u00e1stico o metales, a menudo exigen un control preciso de la temperatura. La automatizaci\u00f3n del control del calentamiento permite ajustar temperaturas precisas y un uso eficiente de la energ\u00eda para calentar. Esto supone una gesti\u00f3n m\u00e1s eficiente de las materias primas y un menor consumo de energ\u00eda.<\/p>\n<p>Para ayudar a satisfacer estas demandas hemos desarrollado el controlador de potencia por tiristores DCT880. Basado en nuestra tecnolog\u00eda de convertidor industrial, el DCT880 se integra f\u00e1cilmente en la red de automatizaci\u00f3n de su m\u00e1quina o sus procesos, pero tambi\u00e9n puede operar con autonom\u00eda respecto a los sistemas de automatizaci\u00f3n.<\/p>\n<p>La medici\u00f3n de corriente trif\u00e1sica integrada calcula y monitoriza con precisi\u00f3n la resistencia de carga en el circuito de carga para mejorar el rendimiento del sistema. La optimizaci\u00f3n de la carga puede equilibrar cargas de varios dispositivos funcionando en paralelo para reducir la carga m\u00e1xima.<\/p>\n<p class=\"header3\">Principales ventajas<\/p>\n<ul>\n<li>16 a 4200 A<\/li>\n<li>110 a 690\u00a0V<\/li>\n<li>Calentamiento resistivo, inductivo o infrarrojo<\/li>\n<li>Programaci\u00f3n de aplicaciones IEC 61131-3<\/li>\n<li>Control de fase<\/li>\n<li>Control de r\u00e1fagas de onda completa<\/li>\n<li>Control de media onda<\/li>\n<li>Control I-, U-, P- e I2<\/li>\n<li>Termostato integrado<\/li>\n<li>Optimizador de carga integrado<\/li>\n<li>Numerosas opciones de E\/S y de comunicaci\u00f3n<\/li>\n<li>Panel de control de usuario de alto contraste y alta resoluci\u00f3n<\/li>\n<\/ul>\n","protected":false},"excerpt":{"rendered":"<p>El DCT880 se integra f\u00e1cilmente en la red de automatizaci\u00f3n de su m\u00e1quina o sus procesos, pero tambi\u00e9n puede operar con autonom\u00eda respecto a los sistemas de automatizaci\u00f3n.<\/p>\n","protected":false},"featured_media":461,"comment_status":"open","ping_status":"closed","template":"","meta":{"ngg_post_thumbnail":0,"_kadence_starter_templates_imported_post":false,"_kad_post_transparent":"","_kad_post_title":"","_kad_post_layout":"","_kad_post_sidebar_id":"","_kad_post_content_style":"","_kad_post_vertical_padding":"","_kad_post_feature":"","_kad_post_feature_position":"","_kad_post_header":false,"_kad_post_footer":false,"_kad_post_classname":""},"product_brand":[],"product_cat":[22,21],"product_tag":[24,20],"class_list":{"0":"post-460","1":"product","2":"type-product","3":"status-publish","4":"has-post-thumbnail","6":"product_cat-abb","7":"product_cat-convertidores-de-corriente-continua","8":"product_tag-abb","9":"product_tag-convertidores","11":"first","12":"instock","13":"shipping-taxable","14":"product-type-simple","15":"entry","16":"content-bg","17":"loop-entry"},"_links":{"self":[{"href":"https:\/\/asistenciayautomatizacion.com\/web\/wp-json\/wp\/v2\/product\/460","targetHints":{"allow":["GET"]}}],"collection":[{"href":"https:\/\/asistenciayautomatizacion.com\/web\/wp-json\/wp\/v2\/product"}],"about":[{"href":"https:\/\/asistenciayautomatizacion.com\/web\/wp-json\/wp\/v2\/types\/product"}],"replies":[{"embeddable":true,"href":"https:\/\/asistenciayautomatizacion.com\/web\/wp-json\/wp\/v2\/comments?post=460"}],"wp:featuredmedia":[{"embeddable":true,"href":"https:\/\/asistenciayautomatizacion.com\/web\/wp-json\/wp\/v2\/media\/461"}],"wp:attachment":[{"href":"https:\/\/asistenciayautomatizacion.com\/web\/wp-json\/wp\/v2\/media?parent=460"}],"wp:term":[{"taxonomy":"product_brand","embeddable":true,"href":"https:\/\/asistenciayautomatizacion.com\/web\/wp-json\/wp\/v2\/product_brand?post=460"},{"taxonomy":"product_cat","embeddable":true,"href":"https:\/\/asistenciayautomatizacion.com\/web\/wp-json\/wp\/v2\/product_cat?post=460"},{"taxonomy":"product_tag","embeddable":true,"href":"https:\/\/asistenciayautomatizacion.com\/web\/wp-json\/wp\/v2\/product_tag?post=460"}],"curies":[{"name":"wp","href":"https:\/\/api.w.org\/{rel}","templated":true}]}}