{"id":537,"date":"2017-10-05T20:29:12","date_gmt":"2017-10-05T20:29:12","guid":{"rendered":"http:\/\/asistenciayautomatizacion.com\/web\/?post_type=product&#038;p=537"},"modified":"2017-10-05T21:45:00","modified_gmt":"2017-10-05T21:45:00","slug":"acs55-microconvertidor-de-frecuencia","status":"publish","type":"product","link":"https:\/\/asistenciayautomatizacion.com\/web\/producto\/acs55-microconvertidor-de-frecuencia\/","title":{"rendered":"ACS55- microconvertidor de frecuencia"},"content":{"rendered":"<h4>Incorpore una simplicidad compacta a sus aplicaciones diarias<\/h4>\n<p>Los microconvertidores de frecuencia ACS55 de ABB han sido concebidos para ser incorporados en una amplia variedad de m\u00e1quinas sencillas, como puertas autom\u00e1ticas, m\u00e1quinas de ejercicio\u00a0o equipos de hidromasaje. Los convertidores de frecuencia son compactos y estilizados. Los diversos m\u00e9todos de montaje como el carril DIN facilitan el encaje de los convertidores en armarios de dise\u00f1o variado. El convertidor se programa a trav\u00e9s de interruptores y potenci\u00f3metros, siendo posible realizar una programaci\u00f3n m\u00e1s avanzada a trav\u00e9s de la herramienta para PC kit DriveConfig. Los convertidores funcionan con alimentaci\u00f3n monof\u00e1sica y son adecuados para entornos dom\u00e9sticos.<\/p>\n<p class=\"header3\">Principales ventajas<\/p>\n<ul>\n<li>Desde 0,18 a 2,2 kW \/ 0,25 hasta 3 CV<\/li>\n<li>Envolvente IP20<\/li>\n<li>Control escalar<\/li>\n<li>Producto de nivel b\u00e1sico para nuevos usuarios<\/li>\n<li>Adecuado para redes dom\u00e9sticas de serie<\/li>\n<li>Ajuste de par\u00e1metros mediante interruptores o software para PC<\/li>\n<li>Filtro EMC integrado para 1er entorno<\/li>\n<\/ul>\n","protected":false},"excerpt":{"rendered":"<p>El convertidor se programa a trav\u00e9s de interruptores y potenci\u00f3metros, siendo posible realizar una programaci\u00f3n m\u00e1s avanzada a trav\u00e9s de la herramienta para PC kit DriveConfig. Los convertidores funcionan con alimentaci\u00f3n monof\u00e1sica y son adecuados para entornos dom\u00e9sticos.<\/p>\n","protected":false},"featured_media":538,"comment_status":"open","ping_status":"closed","template":"","meta":{"ngg_post_thumbnail":0,"_kadence_starter_templates_imported_post":false,"_kad_post_transparent":"","_kad_post_title":"","_kad_post_layout":"","_kad_post_sidebar_id":"","_kad_post_content_style":"","_kad_post_vertical_padding":"","_kad_post_feature":"","_kad_post_feature_position":"","_kad_post_header":false,"_kad_post_footer":false,"_kad_post_classname":""},"product_brand":[],"product_cat":[22,23],"product_tag":[24,20],"class_list":{"0":"post-537","1":"product","2":"type-product","3":"status-publish","4":"has-post-thumbnail","6":"product_cat-abb","7":"product_cat-convertidores-de-frecuencia-de-baja-tension-de-ca","8":"product_tag-abb","9":"product_tag-convertidores","11":"first","12":"instock","13":"shipping-taxable","14":"product-type-simple","15":"entry","16":"content-bg","17":"loop-entry"},"_links":{"self":[{"href":"https:\/\/asistenciayautomatizacion.com\/web\/wp-json\/wp\/v2\/product\/537","targetHints":{"allow":["GET"]}}],"collection":[{"href":"https:\/\/asistenciayautomatizacion.com\/web\/wp-json\/wp\/v2\/product"}],"about":[{"href":"https:\/\/asistenciayautomatizacion.com\/web\/wp-json\/wp\/v2\/types\/product"}],"replies":[{"embeddable":true,"href":"https:\/\/asistenciayautomatizacion.com\/web\/wp-json\/wp\/v2\/comments?post=537"}],"wp:featuredmedia":[{"embeddable":true,"href":"https:\/\/asistenciayautomatizacion.com\/web\/wp-json\/wp\/v2\/media\/538"}],"wp:attachment":[{"href":"https:\/\/asistenciayautomatizacion.com\/web\/wp-json\/wp\/v2\/media?parent=537"}],"wp:term":[{"taxonomy":"product_brand","embeddable":true,"href":"https:\/\/asistenciayautomatizacion.com\/web\/wp-json\/wp\/v2\/product_brand?post=537"},{"taxonomy":"product_cat","embeddable":true,"href":"https:\/\/asistenciayautomatizacion.com\/web\/wp-json\/wp\/v2\/product_cat?post=537"},{"taxonomy":"product_tag","embeddable":true,"href":"https:\/\/asistenciayautomatizacion.com\/web\/wp-json\/wp\/v2\/product_tag?post=537"}],"curies":[{"name":"wp","href":"https:\/\/api.w.org\/{rel}","templated":true}]}}