{"id":665,"date":"2017-10-09T16:50:38","date_gmt":"2017-10-09T16:50:38","guid":{"rendered":"http:\/\/asistenciayautomatizacion.com\/web\/?post_type=product&#038;p=665"},"modified":"2025-06-28T00:04:17","modified_gmt":"2025-06-28T00:04:17","slug":"acq580-convertidores-para-aguas-limpias-y-aguas-residuales","status":"publish","type":"product","link":"https:\/\/asistenciayautomatizacion.com\/web\/producto\/acq580-convertidores-para-aguas-limpias-y-aguas-residuales\/","title":{"rendered":"ACQ580 \u2013 Convertidores para aguas limpias y aguas residuales"},"content":{"rendered":"<p class=\"header3\">Aseguran un flujo eficiente en la soluci\u00f3n de bombeo de aguas limpias y aguas residuales<\/p>\n<p>Los nuevos\u00a0convertidores de frecuencia de Compatibilidad Total ACQ580 para aguas limpias y aguas residuales simplifican sus procesos y el control del motor a la vez que aseguran la eficiencia energ\u00e9tica sin esfuerzo.<\/p>\n<p class=\"header3\">Una soluci\u00f3n espec\u00edfica para aplicaciones de agua<\/p>\n<p>Estos convertidores robustos y compactos tienen funcionalidades incorporadas de bombas como el c\u00e1lculo del flujo sin sensor, el control multibomba, el control de nivel, el llenado suave de la tuber\u00eda, la protecci\u00f3n contra la marcha en vac\u00edo y tiene rampas r\u00e1pidas y una soluci\u00f3n para mantener limpio el impulsor de la bomba.<br \/>\nEl uso se mejora con un panel de control Hand-Off-Auto intuitivo y la herramienta de PC Drive composer. La calculadora de energ\u00eda incorporada visualiza los ahorros de energ\u00eda logrados con el uso del convertidor. El convertidor controla virtualmente cualquier tipo de motor incluyendo un motor de reluctancia s\u00edncrono IE4. Se permite la conectividad con una amplia gama de protocolos de bus de campo.<\/p>\n<ul>\n<li>0.75 a 500 kW, 380 a 480 V<\/li>\n<li>Grados de protecci\u00f3n IP00, IP20,\u00a0IP21, IP42, IP54\u00a0y IP55 que permiten la instalaci\u00f3n en pared o en armario<\/li>\n<li>Calculadora de ahorro de energ\u00eda y funcionalidades espec\u00edficas para la operaci\u00f3n \u00f3ptima de la bomba.<\/li>\n<li>Controla una amplia gama de motores, desde motores de inducci\u00f3n y de imanes permanentes hasta motores s\u00edncronos de reluctancia IE4.<\/li>\n<li>Se conecta a una amplia gama de sistemas de control de aguas limpias y aguas residuales.<\/li>\n<li>Nuestros partners locales ofrecen una amplia disponibilidad de servicios y soporte.<\/li>\n<\/ul>\n","protected":false},"excerpt":{"rendered":"<p class=\"header3\">Aseguran un flujo eficiente en la soluci\u00f3n de bombeo de aguas limpias y aguas residuales<\/p>\n<p>Los nuevos\u00a0convertidores de frecuencia de Compatibilidad Total ACQ580 para aguas limpias y aguas residuales simplifican sus procesos y el control del motor a la vez que aseguran la eficiencia energ\u00e9tica sin esfuerzo.<\/p>\n","protected":false},"featured_media":666,"comment_status":"open","ping_status":"closed","template":"","meta":{"ngg_post_thumbnail":0,"_kadence_starter_templates_imported_post":false,"_kad_post_transparent":"","_kad_post_title":"","_kad_post_layout":"","_kad_post_sidebar_id":"","_kad_post_content_style":"","_kad_post_vertical_padding":"","_kad_post_feature":"","_kad_post_feature_position":"","_kad_post_header":false,"_kad_post_footer":false,"_kad_post_classname":""},"product_brand":[],"product_cat":[22,23],"product_tag":[24,20],"class_list":{"0":"post-665","1":"product","2":"type-product","3":"status-publish","4":"has-post-thumbnail","6":"product_cat-abb","7":"product_cat-convertidores-de-frecuencia-de-baja-tension-de-ca","8":"product_tag-abb","9":"product_tag-convertidores","11":"first","12":"instock","13":"shipping-taxable","14":"product-type-simple","15":"entry","16":"content-bg","17":"loop-entry"},"_links":{"self":[{"href":"https:\/\/asistenciayautomatizacion.com\/web\/wp-json\/wp\/v2\/product\/665","targetHints":{"allow":["GET"]}}],"collection":[{"href":"https:\/\/asistenciayautomatizacion.com\/web\/wp-json\/wp\/v2\/product"}],"about":[{"href":"https:\/\/asistenciayautomatizacion.com\/web\/wp-json\/wp\/v2\/types\/product"}],"replies":[{"embeddable":true,"href":"https:\/\/asistenciayautomatizacion.com\/web\/wp-json\/wp\/v2\/comments?post=665"}],"wp:featuredmedia":[{"embeddable":true,"href":"https:\/\/asistenciayautomatizacion.com\/web\/wp-json\/wp\/v2\/media\/666"}],"wp:attachment":[{"href":"https:\/\/asistenciayautomatizacion.com\/web\/wp-json\/wp\/v2\/media?parent=665"}],"wp:term":[{"taxonomy":"product_brand","embeddable":true,"href":"https:\/\/asistenciayautomatizacion.com\/web\/wp-json\/wp\/v2\/product_brand?post=665"},{"taxonomy":"product_cat","embeddable":true,"href":"https:\/\/asistenciayautomatizacion.com\/web\/wp-json\/wp\/v2\/product_cat?post=665"},{"taxonomy":"product_tag","embeddable":true,"href":"https:\/\/asistenciayautomatizacion.com\/web\/wp-json\/wp\/v2\/product_tag?post=665"}],"curies":[{"name":"wp","href":"https:\/\/api.w.org\/{rel}","templated":true}]}}